 37, 1956517
What are the prime factors of 2080561?
7, 83, 3581
What are the prime factors of 1121104541?
1121104541
What are the prime factors of 4594301546?
2, 43, 53422111
List the prime factors of 47543051.
47543051
List the prime factors of 76789797.
3, 7, 3656657
What are the prime factors of 1070053841?
47, 22767103
List the prime factors of 1067130205.
5, 17, 31, 404983
What are the prime factors of 388774806?
2, 3, 7, 971, 9533
What are the prime factors of 9845590?
2, 5, 389, 2531
List the prime factors of 18616956.
2, 3, 29, 61, 877
List the prime factors of 142525330.
2, 5, 251, 56783
List the prime factors of 1016220324.
2, 3, 7, 2381, 5081
What are the prime factors of 27509333?
2399, 11467
List the prime factors of 1515989027.
7, 149, 1453489
List the prime factors of 6325432548.
2, 3, 179, 1259, 2339
What are the prime factors of 390682900?
2, 5, 137, 28517
What are the prime factors of 620554094?
2, 17, 31, 59, 587
List the prime factors of 65220656.
2, 4076291
List the prime factors of 66035360.
2, 5, 103, 4007
What are the prime factors of 285465610?
2, 5, 2347, 12163
List the prime factors of 193785994.
2, 23, 4212739
List the prime factors of 4384735074.
2, 3, 491, 496123
List the prime factors of 4123012888.
2, 53, 9724087
What are the prime factors of 633944650?
2, 5, 12678893
What are the prime factors of 984136383?
3, 53, 2063179
What are the prime factors of 6968917?
53, 131489
List the prime factors of 944426355.
3, 5, 62961757
What are the prime factors of 32955965?
5, 7, 941599
List the prime factors of 35022047.
35022047
What are the prime factors of 1049918125?
5, 1103, 1523
What are the prime factors of 650781051?
3, 97, 389, 5749
What are the prime factors of 94861657?
11, 8623787
What are the prime factors of 1045161416?
2, 13, 1433, 7013
What are the prime factors of 6158974372?
2, 211, 2069, 3527
List the prime factors of 296014466.
2, 11, 619, 21737
List the prime factors of 102556732.
2, 25639183
What are the prime factors of 30072097?
11, 2733827
What are the prime factors of 1480536224?
2, 4339, 10663
List the prime factors of 5604284811.
3, 23, 31, 431, 6079
What are the prime factors of 87083766?
2, 3, 7, 11, 83, 757
What are the prime factors of 480324455?
5, 13, 7389607
List the prime factors of 569795615.
5, 113959123
What are the prime factors of 560858?
2, 193, 1453
List the prime factors of 1228805599.
7, 3677, 47741
List the prime factors of 60320284.
2, 17, 89, 9967
What are the prime factors of 889420743?
3, 977, 11239
List the prime factors of 989298089.
13, 76099853
List the prime factors of 1638017633.
7, 47, 397, 12541
List the prime factors of 58020854.
2, 29010427
List the prime factors of 5465512850.
2, 5, 7, 43, 363157
List the prime factors of 449670920.
2, 5, 431, 26083
List the prime factors of 379593753.
3, 7, 11, 883, 1861
List the prime factors of 35115713.
173, 202981
What are the prime factors of 8681793?
3, 47, 67, 919
What are the prime factors of 520743239?
31, 97, 173177
What are the prime factors of 270992171?
3257, 83203
What are the prime factors of 112258288?
2, 199, 35257
What are the prime factors of 36716531?
19, 251, 7699
What are the prime factors of 3518669110?
2, 5, 11, 263, 11057
List the prime factors of 1535139171.
3, 5281, 32299
What are the prime factors of 59463666?
2, 3, 1101179
List the prime factors of 374929164.
2, 3, 23, 452813
List the prime factors of 36154233.
3, 47, 127, 673
List the prime factors of 364457036.
2, 29, 41, 76631
What are the prime factors of 206007276?
2, 3, 31, 101, 5483
List the prime factors of 3862772045.
5, 11, 17, 4131307
List the prime factors of 3682190427.
3, 71, 17287279
List the prime factors of 945151883.
13, 72703991
List the prime factors of 1508962248.
2, 3, 89, 181, 1301
What are the prime factors of 986950153?
7, 53, 1487, 1789
List the prime factors of 1693481842.
2, 13, 65133917
What are the prime factors of 74368640?
2, 5, 116201
List the prime factors of 53168536.
2, 19, 349793
What are the prime factors of 259067024?
2, 67, 241667
List the prime factors of 25366150.
2, 5, 101, 5023
What are the prime factors of 63483502?
2, 31741751
What are the prime factors of 3305505407?
3305505407
List the prime factors of 106485954.
2, 3, 139, 127681
List the prime factors of 27304496.
2, 23, 74197
List the prime factors of 1109288455.
5, 11, 1471, 13711
What are the prime factors of 689080316?
2, 172270079
List the prime factors of 184387939.
11699, 15761
What are the prime factors of 153303590?
2, 5, 11, 19, 73351
What are the prime factors of 269666087?
17, 83, 383, 499
What are the prime factors of 183190031?
183190031
What are the prime factors of 551189886?
2, 3, 13, 19, 83, 4481
What are the prime factors of 2216440977?
3, 17, 23, 43, 43943
List the prime factors of 362424974.
2, 181212487
List the prime factors of 53010804.
2, 3, 7, 11, 103, 557
List the prime factors of 353575442.
2, 11, 313, 51347
List the prime factors of 2729778618.
2, 3, 7, 64994729
List the prime factors of 570008857.
11, 419, 11243
What are the prime factors of 128618014?
2, 7, 9187001
List the prime factors of 5998611.
3, 1999537
List the prime factors of 294252362.
2, 2089, 70429
What are the prime factors of 377605712?
2, 11, 2145487
List the prime factors of 1347711644.
2, 313, 1076447
List the prime factors of 12175568.
2, 839, 907
List the prime factors of 3271603328.
2, 7, 233, 15671
List the prime factors of 315438106.
2, 8501, 18553
What are the prime factors of 38088741?
3, 1009, 12583
List the prime factors of 17432422.
2, 7, 29, 42937
What are the prime factors of 578634787?
433, 1336339
List the prime factors of 2484534368.
2, 59, 1315961
What are the prime factors of 175357929?
3, 58452643
List the prime factors of 222607488.
2, 3, 579707
What are the prime factors of 224688625?
5, 7, 211, 1217
List the prime factors of 127953450.
2, 3, 5, 284341
List the prime factors of 514212733.
514212733
List the prime factors of 1881915.
3, 5, 7, 17923
List the prime factors of 17150260.
2, 5, 857513
What are the prime factors of 57822823?
37, 547, 2857
What are the prime factors of 121286894?
2, 149, 367, 1109
What are the prime factors of 419895796?
2, 113, 8221
What are the prime factors of 1045248270?
2, 3, 5, 11, 431, 7349
List the prime factors of 658328233.
97, 6786889
What are the prime factors of 199907168?
2, 23, 47, 5779
List the prime factors of 999986341.
23, 43477667
List the prime factors of 47669245.
5, 13, 733373
What are the prime factors of 43753683?
3, 41, 355721
What are the prime factors of 1466153474?
2, 17, 653, 66037
What are the prime factors of 117585330?
2, 3, 5, 191, 20521
What are the prime factors of 449883661?
449883661
List the prime factors of 27935269.
79, 353611
List the prime factors of 3369824151.
3, 1123274717
What are the prime factors of 62576616?
2, 3, 2607359
What are the prime factors of 1864886250?
2, 3, 5, 497303
List the prime factors of 185092488.
2, 3, 7, 443, 829
List the prime factors of 8852135.
5, 1770427
List the prime factors of 1561260408.
2, 3, 65052517
List the prime factors of 545961833.
23, 23737471
What are the prime factors of 573023979?
3, 11, 5788121
List the prime factors of 126865327.
4651, 27277
What are the prime factors of 70995594?
2, 3, 857, 13807
What are the prime factors of 41859634?
2, 20929817
List the prime factors of 6540721013.
43, 863, 4099
What are the prime factors of 44149270?
2, 5, 11, 31, 107
What are the prime factors of 232126557?
3, 13, 23, 251, 1031
List the prime factors of 3198867438.
2, 3, 13, 43, 953747
What are the prime factors of 155806259?
7, 241, 92357
List the prime factors of 110270210.
2, 5, 53, 208057
What are the prime factors of 251875832?
2, 13, 61, 39703
List the prime factors of 44704479.
3, 23, 647891
What are the prime factors of 401892780?
2, 3, 5, 1753, 3821
What are the prime factors of 69045540?
2, 3, 5, 23, 50033
List the prime factors of 100685220.
2, 3, 5, 17, 98711
List the prime factors of 58688674.
2, 11, 2667667
List the prime factors of 66780037.
3121, 21397
List the prime factors of 838107691.
41, 20441651
List the prime factors of 38307839.
37, 227, 4561
What are the prime factors of 404884551?
3, 67, 2014351
Wha